{"id":4817,"date":"2020-06-03T14:41:29","date_gmt":"2020-06-03T12:41:29","guid":{"rendered":"http:\/\/guiddeur.fr\/?page_id=4817"},"modified":"2020-06-30T13:55:06","modified_gmt":"2020-06-30T11:55:06","slug":"catalogue","status":"publish","type":"page","link":"https:\/\/guiddeur.fr\/index.php\/catalogue\/","title":{"rendered":"Catalogue"},"content":{"rendered":"\n<div class=\"wp-block-nextend-smartslider3\"><\/div>\n\n\n\n<div style=\"height:60px\" aria-hidden=\"true\" class=\"wp-block-spacer\"><\/div>\n\n\n\n<p style=\"font-size:23px\">Vous vous lancez dans l&rsquo;e-commerce mais vous ne disposez pas d&rsquo;un catalogue structur\u00e9.<\/p>\n\n\n\n<p style=\"font-size:23px\">Guiddeur structure et ordonne votre base articles&nbsp;: cat\u00e9gories, sous cat\u00e9gories, r\u00e9f\u00e9rences, attributs, d\u00e9clinaisons, lien entre votre base articles et vos visuels.<\/p>\n\n\n\n<p style=\"font-size:23px\">Votre catalogue existe ainsi sous la forme d&rsquo;un fichier organis\u00e9 et importable.<\/p>\n\n\n\n<div style=\"height:50px\" aria-hidden=\"true\" class=\"wp-block-spacer\"><\/div>\n\n\n\n<div class=\"wp-block-buttons is-layout-flex wp-block-buttons-is-layout-flex\">\n<div class=\"wp-block-button\"><a class=\"wp-block-button__link has-background\" href=\"http:\/\/guiddeur.fr\/index.php\/formulaire-de-contact\/\" style=\"background-color:#44526a\" target=\"_blank\" rel=\"noreferrer noopener\">Contactez-nous !<\/a><\/div>\n<\/div>\n","protected":false},"excerpt":{"rendered":"<p>Vous vous lancez dans l&rsquo;e-commerce mais vous ne disposez pas d&rsquo;un catalogue structur\u00e9. Guiddeur structure et ordonne votre base articles&nbsp;: cat\u00e9gories, sous cat\u00e9gories, r\u00e9f\u00e9rences, attributs, d\u00e9clinaisons, lien entre votre base articles et vos visuels. Votre catalogue existe ainsi sous la forme d&rsquo;un fichier organis\u00e9 et importable.<\/p>\n","protected":false},"author":1,"featured_media":0,"parent":0,"menu_order":0,"comment_status":"closed","ping_status":"closed","template":"","meta":{"footnotes":""},"yoast_head":"<!-- This site is optimized with the Yoast SEO plugin v18.9 - https:\/\/yoast.com\/wordpress\/plugins\/seo\/ -->\n<title>Catalogue -<\/title>\n<meta name=\"robots\" content=\"index, follow, max-snippet:-1, max-image-preview:large, max-video-preview:-1\" \/>\n<link rel=\"canonical\" href=\"http:\/\/guiddeur.fr\/index.php\/catalogue\/\" \/>\n<meta property=\"og:locale\" content=\"fr_FR\" \/>\n<meta property=\"og:type\" content=\"article\" \/>\n<meta property=\"og:title\" content=\"Catalogue -\" \/>\n<meta property=\"og:description\" content=\"Vous vous lancez dans l&rsquo;e-commerce mais vous ne disposez pas d&rsquo;un catalogue structur\u00e9. Guiddeur structure et ordonne votre base articles&nbsp;: cat\u00e9gories, sous cat\u00e9gories, r\u00e9f\u00e9rences, attributs, d\u00e9clinaisons, lien entre votre base articles et vos visuels. Votre catalogue existe ainsi sous la forme d&rsquo;un fichier organis\u00e9 et importable.\" \/>\n<meta property=\"og:url\" content=\"http:\/\/guiddeur.fr\/index.php\/catalogue\/\" \/>\n<meta property=\"article:modified_time\" content=\"2020-06-30T11:55:06+00:00\" \/>\n<meta name=\"twitter:card\" content=\"summary_large_image\" \/>\n<script type=\"application\/ld+json\" class=\"yoast-schema-graph\">{\"@context\":\"https:\/\/schema.org\",\"@graph\":[{\"@type\":\"WebSite\",\"@id\":\"http:\/\/guiddeur.fr\/#website\",\"url\":\"http:\/\/guiddeur.fr\/\",\"name\":\"\",\"description\":\"\",\"potentialAction\":[{\"@type\":\"SearchAction\",\"target\":{\"@type\":\"EntryPoint\",\"urlTemplate\":\"http:\/\/guiddeur.fr\/?s={search_term_string}\"},\"query-input\":\"required name=search_term_string\"}],\"inLanguage\":\"fr-FR\"},{\"@type\":\"WebPage\",\"@id\":\"http:\/\/guiddeur.fr\/index.php\/catalogue\/#webpage\",\"url\":\"http:\/\/guiddeur.fr\/index.php\/catalogue\/\",\"name\":\"Catalogue -\",\"isPartOf\":{\"@id\":\"http:\/\/guiddeur.fr\/#website\"},\"datePublished\":\"2020-06-03T12:41:29+00:00\",\"dateModified\":\"2020-06-30T11:55:06+00:00\",\"breadcrumb\":{\"@id\":\"http:\/\/guiddeur.fr\/index.php\/catalogue\/#breadcrumb\"},\"inLanguage\":\"fr-FR\",\"potentialAction\":[{\"@type\":\"ReadAction\",\"target\":[\"http:\/\/guiddeur.fr\/index.php\/catalogue\/\"]}]},{\"@type\":\"BreadcrumbList\",\"@id\":\"http:\/\/guiddeur.fr\/index.php\/catalogue\/#breadcrumb\",\"itemListElement\":[{\"@type\":\"ListItem\",\"position\":1,\"name\":\"Accueil\",\"item\":\"http:\/\/guiddeur.fr\/\"},{\"@type\":\"ListItem\",\"position\":2,\"name\":\"Catalogue\"}]}]}<\/script>\n<!-- \/ Yoast SEO plugin. -->","yoast_head_json":{"title":"Catalogue -","robots":{"index":"index","follow":"follow","max-snippet":"max-snippet:-1","max-image-preview":"max-image-preview:large","max-video-preview":"max-video-preview:-1"},"canonical":"http:\/\/guiddeur.fr\/index.php\/catalogue\/","og_locale":"fr_FR","og_type":"article","og_title":"Catalogue -","og_description":"Vous vous lancez dans l&rsquo;e-commerce mais vous ne disposez pas d&rsquo;un catalogue structur\u00e9. Guiddeur structure et ordonne votre base articles&nbsp;: cat\u00e9gories, sous cat\u00e9gories, r\u00e9f\u00e9rences, attributs, d\u00e9clinaisons, lien entre votre base articles et vos visuels. Votre catalogue existe ainsi sous la forme d&rsquo;un fichier organis\u00e9 et importable.","og_url":"http:\/\/guiddeur.fr\/index.php\/catalogue\/","article_modified_time":"2020-06-30T11:55:06+00:00","twitter_card":"summary_large_image","schema":{"@context":"https:\/\/schema.org","@graph":[{"@type":"WebSite","@id":"http:\/\/guiddeur.fr\/#website","url":"http:\/\/guiddeur.fr\/","name":"","description":"","potentialAction":[{"@type":"SearchAction","target":{"@type":"EntryPoint","urlTemplate":"http:\/\/guiddeur.fr\/?s={search_term_string}"},"query-input":"required name=search_term_string"}],"inLanguage":"fr-FR"},{"@type":"WebPage","@id":"http:\/\/guiddeur.fr\/index.php\/catalogue\/#webpage","url":"http:\/\/guiddeur.fr\/index.php\/catalogue\/","name":"Catalogue -","isPartOf":{"@id":"http:\/\/guiddeur.fr\/#website"},"datePublished":"2020-06-03T12:41:29+00:00","dateModified":"2020-06-30T11:55:06+00:00","breadcrumb":{"@id":"http:\/\/guiddeur.fr\/index.php\/catalogue\/#breadcrumb"},"inLanguage":"fr-FR","potentialAction":[{"@type":"ReadAction","target":["http:\/\/guiddeur.fr\/index.php\/catalogue\/"]}]},{"@type":"BreadcrumbList","@id":"http:\/\/guiddeur.fr\/index.php\/catalogue\/#breadcrumb","itemListElement":[{"@type":"ListItem","position":1,"name":"Accueil","item":"http:\/\/guiddeur.fr\/"},{"@type":"ListItem","position":2,"name":"Catalogue"}]}]}},"_links":{"self":[{"href":"https:\/\/guiddeur.fr\/index.php\/wp-json\/wp\/v2\/pages\/4817"}],"collection":[{"href":"https:\/\/guiddeur.fr\/index.php\/wp-json\/wp\/v2\/pages"}],"about":[{"href":"https:\/\/guiddeur.fr\/index.php\/wp-json\/wp\/v2\/types\/page"}],"author":[{"embeddable":true,"href":"https:\/\/guiddeur.fr\/index.php\/wp-json\/wp\/v2\/users\/1"}],"replies":[{"embeddable":true,"href":"https:\/\/guiddeur.fr\/index.php\/wp-json\/wp\/v2\/comments?post=4817"}],"version-history":[{"count":8,"href":"https:\/\/guiddeur.fr\/index.php\/wp-json\/wp\/v2\/pages\/4817\/revisions"}],"predecessor-version":[{"id":5179,"href":"https:\/\/guiddeur.fr\/index.php\/wp-json\/wp\/v2\/pages\/4817\/revisions\/5179"}],"wp:attachment":[{"href":"https:\/\/guiddeur.fr\/index.php\/wp-json\/wp\/v2\/media?parent=4817"}],"curies":[{"name":"wp","href":"https:\/\/api.w.org\/{rel}","templated":true}]}}