{"id":209,"date":"2020-05-07T16:42:57","date_gmt":"2020-05-07T14:42:57","guid":{"rendered":"http:\/\/guiddeur.fr\/?page_id=209"},"modified":"2020-06-30T13:53:39","modified_gmt":"2020-06-30T11:53:39","slug":"cahier-des-charges","status":"publish","type":"page","link":"https:\/\/guiddeur.fr\/index.php\/cahier-des-charges\/","title":{"rendered":"Cahier des charges"},"content":{"rendered":"\n<div class=\"wp-block-nextend-smartslider3\"><\/div>\n\n\n\n<div style=\"height:60px\" aria-hidden=\"true\" class=\"wp-block-spacer\"><\/div>\n\n\n\n<p style=\"font-size:23px\">Vous avez plein d&rsquo;id\u00e9es mais il faut les structurer, vous avez beaucoup de questions mais peu de r\u00e9ponses, vos attentes sp\u00e9cifiques sont elles accessibles, il est n\u00e9cessaire de ma\u00eetriser les co\u00fbts et les d\u00e9penses, appuyez-vous sur un cahier des charges.<\/p>\n\n\n\n<p style=\"font-size:23px\">V\u00e9ritable outil pour cadrer et d\u00e9limiter vos projets, il vous aidera \u00e0 voir clair.<\/p>\n\n\n\n<p style=\"font-size:23px\">Guiddeur vous propose la r\u00e9daction de votre cahier des charges.<\/p>\n\n\n\n<div style=\"height:50px\" aria-hidden=\"true\" class=\"wp-block-spacer\"><\/div>\n\n\n\n<div class=\"wp-block-buttons is-layout-flex wp-block-buttons-is-layout-flex\">\n<div class=\"wp-block-button\"><a class=\"wp-block-button__link has-background\" href=\"http:\/\/guiddeur.fr\/index.php\/formulaire-de-contact\/\" style=\"background-color:#44526a\" target=\"_blank\" rel=\"noreferrer noopener\">Contactez-nous !<\/a><\/div>\n<\/div>\n","protected":false},"excerpt":{"rendered":"<p>Vous avez plein d&rsquo;id\u00e9es mais il faut les structurer, vous avez beaucoup de questions mais peu de r\u00e9ponses, vos attentes sp\u00e9cifiques sont elles accessibles, il est n\u00e9cessaire de ma\u00eetriser les co\u00fbts et les d\u00e9penses, appuyez-vous sur un cahier des charges. V\u00e9ritable outil pour cadrer et d\u00e9limiter vos projets, il vous aidera \u00e0 voir clair. Guiddeur [&hellip;]<\/p>\n","protected":false},"author":1,"featured_media":0,"parent":0,"menu_order":0,"comment_status":"closed","ping_status":"closed","template":"","meta":{"footnotes":""},"yoast_head":"<!-- This site is optimized with the Yoast SEO plugin v18.9 - https:\/\/yoast.com\/wordpress\/plugins\/seo\/ -->\n<title>Cahier des charges -<\/title>\n<meta name=\"robots\" content=\"index, follow, max-snippet:-1, max-image-preview:large, max-video-preview:-1\" \/>\n<link rel=\"canonical\" href=\"https:\/\/guiddeur.fr\/index.php\/cahier-des-charges\/\" \/>\n<meta property=\"og:locale\" content=\"fr_FR\" \/>\n<meta property=\"og:type\" content=\"article\" \/>\n<meta property=\"og:title\" content=\"Cahier des charges -\" \/>\n<meta property=\"og:description\" content=\"Vous avez plein d&rsquo;id\u00e9es mais il faut les structurer, vous avez beaucoup de questions mais peu de r\u00e9ponses, vos attentes sp\u00e9cifiques sont elles accessibles, il est n\u00e9cessaire de ma\u00eetriser les co\u00fbts et les d\u00e9penses, appuyez-vous sur un cahier des charges. V\u00e9ritable outil pour cadrer et d\u00e9limiter vos projets, il vous aidera \u00e0 voir clair. Guiddeur [&hellip;]\" \/>\n<meta property=\"og:url\" content=\"https:\/\/guiddeur.fr\/index.php\/cahier-des-charges\/\" \/>\n<meta property=\"article:modified_time\" content=\"2020-06-30T11:53:39+00:00\" \/>\n<meta name=\"twitter:card\" content=\"summary_large_image\" \/>\n<script type=\"application\/ld+json\" class=\"yoast-schema-graph\">{\"@context\":\"https:\/\/schema.org\",\"@graph\":[{\"@type\":\"WebSite\",\"@id\":\"http:\/\/guiddeur.fr\/#website\",\"url\":\"http:\/\/guiddeur.fr\/\",\"name\":\"\",\"description\":\"\",\"potentialAction\":[{\"@type\":\"SearchAction\",\"target\":{\"@type\":\"EntryPoint\",\"urlTemplate\":\"http:\/\/guiddeur.fr\/?s={search_term_string}\"},\"query-input\":\"required name=search_term_string\"}],\"inLanguage\":\"fr-FR\"},{\"@type\":\"WebPage\",\"@id\":\"https:\/\/guiddeur.fr\/index.php\/cahier-des-charges\/#webpage\",\"url\":\"https:\/\/guiddeur.fr\/index.php\/cahier-des-charges\/\",\"name\":\"Cahier des charges -\",\"isPartOf\":{\"@id\":\"http:\/\/guiddeur.fr\/#website\"},\"datePublished\":\"2020-05-07T14:42:57+00:00\",\"dateModified\":\"2020-06-30T11:53:39+00:00\",\"breadcrumb\":{\"@id\":\"https:\/\/guiddeur.fr\/index.php\/cahier-des-charges\/#breadcrumb\"},\"inLanguage\":\"fr-FR\",\"potentialAction\":[{\"@type\":\"ReadAction\",\"target\":[\"https:\/\/guiddeur.fr\/index.php\/cahier-des-charges\/\"]}]},{\"@type\":\"BreadcrumbList\",\"@id\":\"https:\/\/guiddeur.fr\/index.php\/cahier-des-charges\/#breadcrumb\",\"itemListElement\":[{\"@type\":\"ListItem\",\"position\":1,\"name\":\"Accueil\",\"item\":\"http:\/\/guiddeur.fr\/\"},{\"@type\":\"ListItem\",\"position\":2,\"name\":\"Cahier des charges\"}]}]}<\/script>\n<!-- \/ Yoast SEO plugin. -->","yoast_head_json":{"title":"Cahier des charges -","robots":{"index":"index","follow":"follow","max-snippet":"max-snippet:-1","max-image-preview":"max-image-preview:large","max-video-preview":"max-video-preview:-1"},"canonical":"https:\/\/guiddeur.fr\/index.php\/cahier-des-charges\/","og_locale":"fr_FR","og_type":"article","og_title":"Cahier des charges -","og_description":"Vous avez plein d&rsquo;id\u00e9es mais il faut les structurer, vous avez beaucoup de questions mais peu de r\u00e9ponses, vos attentes sp\u00e9cifiques sont elles accessibles, il est n\u00e9cessaire de ma\u00eetriser les co\u00fbts et les d\u00e9penses, appuyez-vous sur un cahier des charges. V\u00e9ritable outil pour cadrer et d\u00e9limiter vos projets, il vous aidera \u00e0 voir clair. Guiddeur [&hellip;]","og_url":"https:\/\/guiddeur.fr\/index.php\/cahier-des-charges\/","article_modified_time":"2020-06-30T11:53:39+00:00","twitter_card":"summary_large_image","schema":{"@context":"https:\/\/schema.org","@graph":[{"@type":"WebSite","@id":"http:\/\/guiddeur.fr\/#website","url":"http:\/\/guiddeur.fr\/","name":"","description":"","potentialAction":[{"@type":"SearchAction","target":{"@type":"EntryPoint","urlTemplate":"http:\/\/guiddeur.fr\/?s={search_term_string}"},"query-input":"required name=search_term_string"}],"inLanguage":"fr-FR"},{"@type":"WebPage","@id":"https:\/\/guiddeur.fr\/index.php\/cahier-des-charges\/#webpage","url":"https:\/\/guiddeur.fr\/index.php\/cahier-des-charges\/","name":"Cahier des charges -","isPartOf":{"@id":"http:\/\/guiddeur.fr\/#website"},"datePublished":"2020-05-07T14:42:57+00:00","dateModified":"2020-06-30T11:53:39+00:00","breadcrumb":{"@id":"https:\/\/guiddeur.fr\/index.php\/cahier-des-charges\/#breadcrumb"},"inLanguage":"fr-FR","potentialAction":[{"@type":"ReadAction","target":["https:\/\/guiddeur.fr\/index.php\/cahier-des-charges\/"]}]},{"@type":"BreadcrumbList","@id":"https:\/\/guiddeur.fr\/index.php\/cahier-des-charges\/#breadcrumb","itemListElement":[{"@type":"ListItem","position":1,"name":"Accueil","item":"http:\/\/guiddeur.fr\/"},{"@type":"ListItem","position":2,"name":"Cahier des charges"}]}]}},"_links":{"self":[{"href":"https:\/\/guiddeur.fr\/index.php\/wp-json\/wp\/v2\/pages\/209"}],"collection":[{"href":"https:\/\/guiddeur.fr\/index.php\/wp-json\/wp\/v2\/pages"}],"about":[{"href":"https:\/\/guiddeur.fr\/index.php\/wp-json\/wp\/v2\/types\/page"}],"author":[{"embeddable":true,"href":"https:\/\/guiddeur.fr\/index.php\/wp-json\/wp\/v2\/users\/1"}],"replies":[{"embeddable":true,"href":"https:\/\/guiddeur.fr\/index.php\/wp-json\/wp\/v2\/comments?post=209"}],"version-history":[{"count":9,"href":"https:\/\/guiddeur.fr\/index.php\/wp-json\/wp\/v2\/pages\/209\/revisions"}],"predecessor-version":[{"id":5177,"href":"https:\/\/guiddeur.fr\/index.php\/wp-json\/wp\/v2\/pages\/209\/revisions\/5177"}],"wp:attachment":[{"href":"https:\/\/guiddeur.fr\/index.php\/wp-json\/wp\/v2\/media?parent=209"}],"curies":[{"name":"wp","href":"https:\/\/api.w.org\/{rel}","templated":true}]}}